{"id":16196,"date":"2014-04-16T14:22:25","date_gmt":"2014-04-16T12:22:25","guid":{"rendered":"http:\/\/www.ajpc-chaumont.fr\/?page_id=16196"},"modified":"2018-11-25T19:55:31","modified_gmt":"2018-11-25T18:55:31","slug":"plan-semi-marathon-allege","status":"publish","type":"page","link":"http:\/\/www.ajpc-chaumont.fr\/?page_id=16196","title":{"rendered":"Plan semi-marathon all\u00e9g\u00e9"},"content":{"rendered":"<p><a href=\"http:\/\/www.ajpc-chaumont.fr\/wp-content\/uploads\/2014\/04\/Plan-Semi-Marath-Montier-2014.xls\" target=\"_blank\"><img loading=\"lazy\" decoding=\"async\" class=\"alignleft  wp-image-1373\" alt=\"microsof-excell-2007\" src=\"http:\/\/www.ajpc-chaumont.fr\/wp-content\/themes\/grey-opaque\/plugins\/lazy-load\/images\/1x1.trans.gif\" data-lazy-src=\"http:\/\/www.ajpc-chaumont.fr\/wp-content\/uploads\/2011\/12\/microsof-excell-2007.png\" width=\"126\" height=\"128\"><noscript><img loading=\"lazy\" decoding=\"async\" class=\"alignleft  wp-image-1373\" alt=\"microsof-excell-2007\" src=\"http:\/\/www.ajpc-chaumont.fr\/wp-content\/uploads\/2011\/12\/microsof-excell-2007.png\" width=\"126\" height=\"128\"><\/noscript><\/a>Plan semi-marathon &#8211; all\u00e9g\u00e9 (fichier excell)<\/p>\n<p>&nbsp;<\/p>\n<p>&nbsp;<\/p>\n<p>&nbsp;<\/p>\n<p><a href=\"http:\/\/www.ajpc-chaumont.fr\/wp-content\/uploads\/2014\/04\/Plan-Semi-Marath-Montier-2014.pdf\" target=\"_blank\"><img loading=\"lazy\" decoding=\"async\" class=\"alignleft  wp-image-387\" alt=\"logo pdf\" src=\"http:\/\/www.ajpc-chaumont.fr\/wp-content\/themes\/grey-opaque\/plugins\/lazy-load\/images\/1x1.trans.gif\" data-lazy-src=\"http:\/\/www.ajpc-chaumont.fr\/wp-content\/uploads\/2011\/10\/logo-pdf.png\" width=\"125\" height=\"127\"><noscript><img loading=\"lazy\" decoding=\"async\" class=\"alignleft  wp-image-387\" alt=\"logo pdf\" src=\"http:\/\/www.ajpc-chaumont.fr\/wp-content\/uploads\/2011\/10\/logo-pdf.png\" width=\"125\" height=\"127\"><\/noscript><\/a>Plan semi-marathon &#8211; all\u00e9g\u00e9 (fichier PDF)<\/p>\n","protected":false},"excerpt":{"rendered":"<p>Plan semi-marathon &#8211; all\u00e9g\u00e9 (fichier excell) &nbsp; &nbsp; &nbsp; Plan semi-marathon &#8211; all\u00e9g\u00e9 (fichier PDF)<\/p>\n","protected":false},"author":12,"featured_media":0,"parent":443,"menu_order":0,"comment_status":"closed","ping_status":"closed","template":"","meta":{"_s2mail":"yes","footnotes":""},"_links":{"self":[{"href":"http:\/\/www.ajpc-chaumont.fr\/index.php?rest_route=\/wp\/v2\/pages\/16196"}],"collection":[{"href":"http:\/\/www.ajpc-chaumont.fr\/index.php?rest_route=\/wp\/v2\/pages"}],"about":[{"href":"http:\/\/www.ajpc-chaumont.fr\/index.php?rest_route=\/wp\/v2\/types\/page"}],"author":[{"embeddable":true,"href":"http:\/\/www.ajpc-chaumont.fr\/index.php?rest_route=\/wp\/v2\/users\/12"}],"replies":[{"embeddable":true,"href":"http:\/\/www.ajpc-chaumont.fr\/index.php?rest_route=%2Fwp%2Fv2%2Fcomments&post=16196"}],"version-history":[{"count":3,"href":"http:\/\/www.ajpc-chaumont.fr\/index.php?rest_route=\/wp\/v2\/pages\/16196\/revisions"}],"predecessor-version":[{"id":25536,"href":"http:\/\/www.ajpc-chaumont.fr\/index.php?rest_route=\/wp\/v2\/pages\/16196\/revisions\/25536"}],"up":[{"embeddable":true,"href":"http:\/\/www.ajpc-chaumont.fr\/index.php?rest_route=\/wp\/v2\/pages\/443"}],"wp:attachment":[{"href":"http:\/\/www.ajpc-chaumont.fr\/index.php?rest_route=%2Fwp%2Fv2%2Fmedia&parent=16196"}],"curies":[{"name":"wp","href":"https:\/\/api.w.org\/{rel}","templated":true}]}}