{"id":17511,"date":"2014-11-17T18:07:20","date_gmt":"2014-11-17T17:07:20","guid":{"rendered":"http:\/\/www.ajpc-chaumont.fr\/?page_id=17511"},"modified":"2017-12-10T17:45:22","modified_gmt":"2017-12-10T16:45:22","slug":"communiquez-vos-resultats-a-lajpc","status":"publish","type":"page","link":"http:\/\/www.ajpc-chaumont.fr\/?page_id=17511","title":{"rendered":"Communiquez vos r\u00e9sultats \u00e0 l&#8217;AJPC"},"content":{"rendered":"<p>Lorsque vous venez de participer \u00e0 une course enregistrez vos r\u00e9sultats sur le tableau \u00e0 votre disposition sur\u00a0:<\/p>\n<p>Le tableau est disponible sur:<br \/>\nEXCEL si vous avez EXCEL ou OPEN OFFICE (gratuit) sur votre ordinateur.<br \/>\nPDF si vous avez ADOBE READER (gratuit) pour une sortie sur papier.<br \/>\nIl suffit de copier le lien ci-dessous sur votre ordinateur (changez les dates si n\u00e9cessaire).<\/p>\n<p>Vous portez les r\u00e9sultats obtenus entre le 1er octobre et le 30 septembre. N\u2019oubliez pas de porter vos classements dans les colonnes de droite.<br \/>\nDans le cadre \u00ab\u00a0MES RECORDS\u00a0\u00bb vous portez vos records \u00e9tablis les ann\u00e9es pr\u00e9c\u00e9dant celle en cours.<\/p>\n<p>Transmettez ces r\u00e9sultats par mail \u00e0 Daniel (daniel.plubel@orange.fr) entre le 1er et le 30 octobre pour une prise en compte lors de l&#8217;assembl\u00e9e g\u00e9n\u00e9rale suivante.<\/p>\n<p><a title=\"Tableau r\u00e9sultats\" href=\"http:\/\/www.ajpc-chaumont.fr\/wp-content\/uploads\/2017\/12\/Tab-mes-r\u00e9sultats-vierge-ORig.xls\" target=\"_blank\" rel=\"noopener\"><img loading=\"lazy\" decoding=\"async\" class=\"alignleft wp-image-17512\" src=\"http:\/\/www.ajpc-chaumont.fr\/wp-content\/themes\/grey-opaque\/plugins\/lazy-load\/images\/1x1.trans.gif\" data-lazy-src=\"http:\/\/www.ajpc-chaumont.fr\/wp-content\/uploads\/2014\/11\/microsof-excell-2007.png\" alt=\"microsof-excell-2007\" width=\"100\" height=\"102\" \/><noscript><img loading=\"lazy\" decoding=\"async\" class=\"alignleft wp-image-17512\" src=\"http:\/\/www.ajpc-chaumont.fr\/wp-content\/uploads\/2014\/11\/microsof-excell-2007.png\" alt=\"microsof-excell-2007\" width=\"100\" height=\"102\" \/><\/noscript><\/a><\/p>\n<p>&nbsp;<\/p>\n<p>&nbsp;<\/p>\n<p>&nbsp;<\/p>\n<p><a title=\"Tableau r\u00e9sultats\" href=\"http:\/\/www.ajpc-chaumont.fr\/wp-content\/uploads\/2017\/12\/Tab-mes-r\u00e9sultats-vierge-ORig.pdf\" target=\"_blank\" rel=\"noopener\"><img loading=\"lazy\" decoding=\"async\" class=\"alignleft wp-image-17515\" src=\"http:\/\/www.ajpc-chaumont.fr\/wp-content\/themes\/grey-opaque\/plugins\/lazy-load\/images\/1x1.trans.gif\" data-lazy-src=\"http:\/\/www.ajpc-chaumont.fr\/wp-content\/uploads\/2014\/11\/logo-pdf.png\" alt=\"logo pdf\" width=\"100\" height=\"101\" \/><noscript><img loading=\"lazy\" decoding=\"async\" class=\"alignleft wp-image-17515\" src=\"http:\/\/www.ajpc-chaumont.fr\/wp-content\/uploads\/2014\/11\/logo-pdf.png\" alt=\"logo pdf\" width=\"100\" height=\"101\" srcset=\"http:\/\/www.ajpc-chaumont.fr\/wp-content\/uploads\/2014\/11\/logo-pdf.png 253w, http:\/\/www.ajpc-chaumont.fr\/wp-content\/uploads\/2014\/11\/logo-pdf-150x150.png 150w\" sizes=\"(max-width: 100px) 100vw, 100px\" \/><\/noscript><\/a><\/p>\n<p>&nbsp;<\/p>\n<p>&nbsp;<\/p>\n<p>&nbsp;<\/p>\n","protected":false},"excerpt":{"rendered":"<p>Lorsque vous venez de participer \u00e0 une course enregistrez vos r\u00e9sultats sur le tableau \u00e0 votre disposition sur\u00a0: Le tableau est disponible sur: EXCEL si vous avez EXCEL ou OPEN OFFICE (gratuit) sur votre ordinateur. PDF si vous avez ADOBE &hellip; <a href=\"http:\/\/www.ajpc-chaumont.fr\/?page_id=17511\">Continue reading <span class=\"meta-nav\">&rarr;<\/span><\/a><\/p>\n","protected":false},"author":12,"featured_media":0,"parent":145,"menu_order":0,"comment_status":"closed","ping_status":"closed","template":"","meta":{"_s2mail":"yes","footnotes":""},"_links":{"self":[{"href":"http:\/\/www.ajpc-chaumont.fr\/index.php?rest_route=\/wp\/v2\/pages\/17511"}],"collection":[{"href":"http:\/\/www.ajpc-chaumont.fr\/index.php?rest_route=\/wp\/v2\/pages"}],"about":[{"href":"http:\/\/www.ajpc-chaumont.fr\/index.php?rest_route=\/wp\/v2\/types\/page"}],"author":[{"embeddable":true,"href":"http:\/\/www.ajpc-chaumont.fr\/index.php?rest_route=\/wp\/v2\/users\/12"}],"replies":[{"embeddable":true,"href":"http:\/\/www.ajpc-chaumont.fr\/index.php?rest_route=%2Fwp%2Fv2%2Fcomments&post=17511"}],"version-history":[{"count":13,"href":"http:\/\/www.ajpc-chaumont.fr\/index.php?rest_route=\/wp\/v2\/pages\/17511\/revisions"}],"predecessor-version":[{"id":23649,"href":"http:\/\/www.ajpc-chaumont.fr\/index.php?rest_route=\/wp\/v2\/pages\/17511\/revisions\/23649"}],"up":[{"embeddable":true,"href":"http:\/\/www.ajpc-chaumont.fr\/index.php?rest_route=\/wp\/v2\/pages\/145"}],"wp:attachment":[{"href":"http:\/\/www.ajpc-chaumont.fr\/index.php?rest_route=%2Fwp%2Fv2%2Fmedia&parent=17511"}],"curies":[{"name":"wp","href":"https:\/\/api.w.org\/{rel}","templated":true}]}}