{"id":29858,"date":"2026-09-04T19:36:42","date_gmt":"2026-09-04T17:36:42","guid":{"rendered":"https:\/\/www.ajpc-chaumont.fr\/?page_id=29858"},"modified":"2026-09-04T19:36:48","modified_gmt":"2026-09-04T17:36:48","slug":"jours-et-horaires-seances-dinitiation","status":"publish","type":"page","link":"http:\/\/www.ajpc-chaumont.fr\/?page_id=29858","title":{"rendered":"Jours et horaires s\u00e9ances d\u2019initiation"},"content":{"rendered":"\n<p>L\u2019AJPC propose \u00e0 ses adh\u00e9rents des s\u00e9ances d\u2019initiation. Elles sont propos\u00e9es les les lundi, jeudi et samedi.<\/p>\n\n\n\n<p>T\u00e9l\u00e9chargez le tableau des s\u00e9ances d\u2019initiation marche nordique <a href=\"http:\/\/www.ajpc-chaumont.fr\/wp-content\/uploads\/2026\/09\/Initiation-MN-2026-2027.jpg\" target=\"_blank\" rel=\"noreferrer noopener\">ICI<\/a><\/p>\n\n\n\n<figure class=\"wp-block-image size-full is-style-default\"><a href=\"http:\/\/www.ajpc-chaumont.fr\/wp-content\/uploads\/2026\/09\/Initiation-MN-2026-2027.jpg\"><img decoding=\"async\" src=\"http:\/\/www.ajpc-chaumont.fr\/wp-content\/themes\/grey-opaque\/plugins\/lazy-load\/images\/1x1.trans.gif\" data-lazy-src=\"http:\/\/www.ajpc-chaumont.fr\/wp-content\/uploads\/2026\/09\/Initiation-MN-2026-2027.jpg\" alt=\"\" class=\"wp-image-29847\"\/><noscript><img loading=\"lazy\" decoding=\"async\" width=\"729\" height=\"733\" src=\"http:\/\/www.ajpc-chaumont.fr\/wp-content\/uploads\/2026\/09\/Initiation-MN-2026-2027.jpg\" alt=\"\" class=\"wp-image-29847\" srcset=\"http:\/\/www.ajpc-chaumont.fr\/wp-content\/uploads\/2026\/09\/Initiation-MN-2026-2027.jpg 729w, http:\/\/www.ajpc-chaumont.fr\/wp-content\/uploads\/2026\/09\/Initiation-MN-2026-2027-298x300.jpg 298w, http:\/\/www.ajpc-chaumont.fr\/wp-content\/uploads\/2026\/09\/Initiation-MN-2026-2027-150x150.jpg 150w, http:\/\/www.ajpc-chaumont.fr\/wp-content\/uploads\/2026\/09\/Initiation-MN-2026-2027-144x144.jpg 144w\" sizes=\"(max-width: 729px) 100vw, 729px\" \/><\/noscript><\/a><\/figure>\n","protected":false},"excerpt":{"rendered":"<p>L\u2019AJPC propose \u00e0 ses adh\u00e9rents des s\u00e9ances d\u2019initiation. Elles sont propos\u00e9es les les lundi, jeudi et samedi. T\u00e9l\u00e9chargez le tableau des s\u00e9ances d\u2019initiation marche nordique ICI<\/p>\n","protected":false},"author":12,"featured_media":0,"parent":33,"menu_order":0,"comment_status":"closed","ping_status":"closed","template":"","meta":{"_s2mail":"","footnotes":""},"_links":{"self":[{"href":"http:\/\/www.ajpc-chaumont.fr\/index.php?rest_route=\/wp\/v2\/pages\/29858"}],"collection":[{"href":"http:\/\/www.ajpc-chaumont.fr\/index.php?rest_route=\/wp\/v2\/pages"}],"about":[{"href":"http:\/\/www.ajpc-chaumont.fr\/index.php?rest_route=\/wp\/v2\/types\/page"}],"author":[{"embeddable":true,"href":"http:\/\/www.ajpc-chaumont.fr\/index.php?rest_route=\/wp\/v2\/users\/12"}],"replies":[{"embeddable":true,"href":"http:\/\/www.ajpc-chaumont.fr\/index.php?rest_route=%2Fwp%2Fv2%2Fcomments&post=29858"}],"version-history":[{"count":1,"href":"http:\/\/www.ajpc-chaumont.fr\/index.php?rest_route=\/wp\/v2\/pages\/29858\/revisions"}],"predecessor-version":[{"id":29859,"href":"http:\/\/www.ajpc-chaumont.fr\/index.php?rest_route=\/wp\/v2\/pages\/29858\/revisions\/29859"}],"up":[{"embeddable":true,"href":"http:\/\/www.ajpc-chaumont.fr\/index.php?rest_route=\/wp\/v2\/pages\/33"}],"wp:attachment":[{"href":"http:\/\/www.ajpc-chaumont.fr\/index.php?rest_route=%2Fwp%2Fv2%2Fmedia&parent=29858"}],"curies":[{"name":"wp","href":"https:\/\/api.w.org\/{rel}","templated":true}]}}

Jours et horaires séances d’initiation

<p>L’AJPC propose à ses adhérents des séances d’initiation. Elles sont proposées les les lundi, jeudi et samedi.</p>



<p>Téléchargez le tableau des séances d’initiation marche nordique <a href="http://www.ajpc-chaumont.fr/wp-content/uploads/2026/09/Initiation-MN-2026-2027.jpg" target="_blank" rel="noreferrer noopener">ICI</a></p>



<figure class="wp-block-image size-full is-style-default"><a href="http://www.ajpc-chaumont.fr/wp-content/uploads/2026/09/Initiation-MN-2026-2027.jpg"><img decoding="async" src="http://www.ajpc-chaumont.fr/wp-content/themes/grey-opaque/plugins/lazy-load/images/1x1.trans.gif" data-lazy-src="http://www.ajpc-chaumont.fr/wp-content/uploads/2026/09/Initiation-MN-2026-2027.jpg" alt="" class="wp-image-29847"/><noscript><img loading="lazy" decoding="async" width="729" height="733" src="http://www.ajpc-chaumont.fr/wp-content/uploads/2026/09/Initiation-MN-2026-2027.jpg" alt="" class="wp-image-29847" srcset="http://www.ajpc-chaumont.fr/wp-content/uploads/2026/09/Initiation-MN-2026-2027.jpg 729w, http://www.ajpc-chaumont.fr/wp-content/uploads/2026/09/Initiation-MN-2026-2027-298x300.jpg 298w, http://www.ajpc-chaumont.fr/wp-content/uploads/2026/09/Initiation-MN-2026-2027-150x150.jpg 150w, http://www.ajpc-chaumont.fr/wp-content/uploads/2026/09/Initiation-MN-2026-2027-144x144.jpg 144w" sizes="(max-width: 729px) 100vw, 729px" /></noscript></a></figure>

<p>L’AJPC propose à ses adhérents des séances d’initiation. Elles sont proposées les les lundi, jeudi et samedi. Téléchargez le tableau des séances d’initiation marche nordique ICI</p>
