{"id":776,"date":"2011-10-27T10:14:00","date_gmt":"2011-10-27T08:14:00","guid":{"rendered":"http:\/\/www.ajpc-chaumont.fr\/?page_id=776"},"modified":"2016-12-10T15:02:10","modified_gmt":"2016-12-10T14:02:10","slug":"le-nordic-walking","status":"publish","type":"page","link":"http:\/\/www.ajpc-chaumont.fr\/?page_id=776","title":{"rendered":"La marche nordique ou Nordic Walking"},"content":{"rendered":"<p>Le Nordic Walking ou la marche nordique est une activit\u00e9 physique qui peut \u00eatre pratiqu\u00e9e pour tout un chacun !<br \/>\nSachez que c&#8217;est un sport complet, agr\u00e9able et sain puisqu&#8217;il se pratique dehors.<\/p>\n<p>La marche nordique est aussi moins traumatisante que le jogging, si bien qu&#8217;elle convient \u00e0 tous, sans limite d&#8217;\u00e2ge ni de condition physique. Les seniors peuvent pratiquer cette activit\u00e9 physique.<\/p>\n<p>Enfin, les personnes soufrant de maladies li\u00e9es \u00e0 la s\u00e9dentarit\u00e9 sont vivement encourag\u00e9es \u00e0 pratiquer ce sport !<\/p>\n<p><strong>Bien pratiqu\u00e9e avec l&#8217;aide des b\u00e2tons, la marche nordique fait travailler de fa\u00e7on harmonieuse <span style=\"text-decoration: underline;\">l&#8217;ensemble du corps<\/span> en renfor\u00e7ant les cha\u00eenes musculaires, en favorisant l&#8217;oxyg\u00e9nation des cellules et la circulation, en am\u00e9liorant la condition physique et l&#8217;endurance !<br \/>\n<\/strong><br \/>\n<span style=\"text-decoration: underline;\">La marche nordique est bonne pour notre corps<\/span><br \/>\n&#8211; Pr\u00e8s de 90% de notre musculature est sollicit\u00e9e.<br \/>\n&#8211; Plus de calories sont consomm\u00e9es (le double par rapport \u00e0 une marche classique)<\/p>\n<p>&#8211; La bonne pratique de ce sport permet un all\u00e8gement de 30% du poids sur les articulations des hanches, des genoux et des chevilles.<\/p>\n<p><span style=\"text-decoration: underline;\">La marche nordique est bonne pour le souffle<\/span><\/p>\n<p><span style=\"text-decoration: underline;\">La marche nordique est bonne pour le moral<\/span><\/p>\n<p>&#8211; Ce sport doit \u00eatre id\u00e9alement pratiqu\u00e9 en petit groupe.<br \/>\n&#8211; Un sport calme ou tonique (c&#8217;est au choix) et donc accessible \u00e0 tous.<\/p>\n<p><strong><span style=\"text-decoration: underline;\">C&#8217;est \u00e9galement un puissant anti-stress<\/span><\/strong> : cette activit\u00e9 en pleine nature apporte r\u00e9ellement le calme de l&#8217;esprit et la d\u00e9tente du corps.\u00a0Cela ne veut pas dire que vous allez vous allonger et faire la sieste \u00e0 l\u2019ombre des arbres.<\/p>\n<p><strong>Pratiquer la marche nordique avec les b\u00e2tons c&#8217;est bien mais pas n&#8217;importe comment !<\/strong><\/p>\n<p><strong>Si cette marche para\u00eet simple \u00e0 priori, elle n\u00e9cessite un <span style=\"text-decoration: underline;\">apprentissage<\/span> efficace pour ne pas simplement promener les b\u00e2tons <\/strong><\/p>\n<p>La <strong>technique de base<\/strong> consiste \u00e0 synchroniser le mouvement naturel de la marche et du balancement des bras avec la <strong>propulsion<\/strong> des b\u00e2tons<\/p>\n<p><span style=\"text-decoration: underline;\">La bonne technique suivant le terrain<\/span><\/p>\n<p>&#8211;\u00a0\u00a0\u00a0 Une posture droite et l\u00e9g\u00e8rement en avant<br \/>\n&#8211; Des mouvements naturels des bras (loin en arri\u00e8re)<br \/>\n&#8211; De longs pas (bien d\u00e9rouler du talon \u00e0 la pointe)<br \/>\n&#8211; Bonne pression sur les b\u00e2tons<br \/>\nDans une mont\u00e9e:<br \/>\n&#8211; Adoptez une position plus pench\u00e9e vers l&#8217;avant<br \/>\n&#8211; Adaptez la longueur des pas<br \/>\n&#8211; Augmentez le travail des bras<br \/>\nDans une descente:<br \/>\n&#8211; Adoptez des petits pas<br \/>\n&#8211; Gardez les genoux fl\u00e9chis<br \/>\n&#8211; Tenez vos b\u00e2tons devant ou derri\u00e8re le corps suivant la pente.<br \/>\n&#8211; Adoptez une position l\u00e9g\u00e8rement en arri\u00e8re<\/p>\n<p><strong>Faut-il pratiquer un \u00e9chauffement avec la marche nordique ?<br \/>\n<\/strong>L&#8217;\u00e9chauffement est vraiment recommand\u00e9 avant de commencer la marche afin d&#8217;\u00e9viter les accidents musculaires.<\/p>\n<p>Ne pas oublier que les exercices apr\u00e8s la marche sont tout aussi importants ! Des \u00e9tirements sont pratiqu\u00e9s pour assouplir les articulations. On \u00e9vite ainsi les courbatures.<\/p>\n<p><strong>Faut-il des chaussures adapt\u00e9es ?<br \/>\n<\/strong>Les chaussures pour des activit\u00e9s physiques en ext\u00e9rieure conviennent parfaitement \u00e0 la pratique de la marche nordique. En cas de surpoids ou de probl\u00e8mes aux pieds, des chaussures sp\u00e9cifiques sont fortement recommand\u00e9es.<\/p>\n<p>En r\u00e8gle g\u00e9n\u00e9rale, il vaut mieux choisir des chaussures basses, ne couvrant pas trop la cheville, confortable et avec de bonnes semelles \u00e9paisses.<\/p>\n<p><strong>Comment s&#8217;habiller ?<br \/>\n<\/strong>Il faut en r\u00e8gle g\u00e9n\u00e9rale choisir des v\u00eatements souples, adapt\u00e9s aux conditions atmosph\u00e9riques et qui permettent une bonne libert\u00e9 de mouvement.<br \/>\nAvec des tissus en microfibres respirantes, vous serez prot\u00e9g\u00e9 au mieux des coups de chaleur et des refroidissements.<br \/>\nAu besoin suivant la m\u00e9t\u00e9o, prenez un coupe-vent respirant, des gants et un bonnet.<br \/>\nPensez \u00e0 emporter un peu d&#8217;eau et des sucres lents ! Il existe la ceinture-banane ou le petit sac \u00e0 dos.<\/p>\n<p><strong>Pourquoi des b\u00e2tons ? Sont-ils diff\u00e9rents ?<br \/>\n<\/strong>Les b\u00e2tons sont un peu le prolongement des bras dans la phase de propulsion.<br \/>\nLes b\u00e2tons pour la marche nordique sont ultra l\u00e9gers et ergonomiques. Ils sont d\u00e9riv\u00e9s des b\u00e2tons de ski de fond mais n&#8217;ont pas de comparaison avec les b\u00e2tons de marche t\u00e9lescopiques en alu&#8230;<br \/>\nLe b\u00e2ton de la marche nordique est compos\u00e9 :<\/p>\n<p>1. un corps l\u00e9ger et r\u00e9sistant en mat\u00e9riau composite (fibre de verre et carbone).<br \/>\n2. une poign\u00e9e ergonomique sp\u00e9cialement \u00e9tudi\u00e9e pour le poignet.<br \/>\n3. un gantelet confortable avec attache en velcro permettant une fixation et un transfert de pouss\u00e9e optimum.<br \/>\nPour calculer la longueur des b\u00e2tons, il suffit de multiplier le chiffre de la taille de la personne en centim\u00e8tre par l&#8217;indice 0,68.<\/p>\n<p><strong>Quelle est la bonne vitesse de marche ?\u00a0<\/strong><br \/>\nIl est fortement recommand\u00e9 aux personnes d\u00e9butantes de marcher \u00e0 vitesse mod\u00e9r\u00e9e.<\/p>\n<p>Le niveau augmente pour les personnes marchant \u00e0 plus de 5 km\/h.<\/p>\n","protected":false},"excerpt":{"rendered":"<p>Le Nordic Walking ou la marche nordique est une activit\u00e9 physique qui peut \u00eatre pratiqu\u00e9e pour tout un chacun ! Sachez que c&#8217;est un sport complet, agr\u00e9able et sain puisqu&#8217;il se pratique dehors. La marche nordique est aussi moins traumatisante &hellip; <a href=\"http:\/\/www.ajpc-chaumont.fr\/?page_id=776\">Continue reading <span class=\"meta-nav\">&rarr;<\/span><\/a><\/p>\n","protected":false},"author":12,"featured_media":0,"parent":33,"menu_order":6,"comment_status":"closed","ping_status":"closed","template":"","meta":{"_s2mail":"","footnotes":""},"_links":{"self":[{"href":"http:\/\/www.ajpc-chaumont.fr\/index.php?rest_route=\/wp\/v2\/pages\/776"}],"collection":[{"href":"http:\/\/www.ajpc-chaumont.fr\/index.php?rest_route=\/wp\/v2\/pages"}],"about":[{"href":"http:\/\/www.ajpc-chaumont.fr\/index.php?rest_route=\/wp\/v2\/types\/page"}],"author":[{"embeddable":true,"href":"http:\/\/www.ajpc-chaumont.fr\/index.php?rest_route=\/wp\/v2\/users\/12"}],"replies":[{"embeddable":true,"href":"http:\/\/www.ajpc-chaumont.fr\/index.php?rest_route=%2Fwp%2Fv2%2Fcomments&post=776"}],"version-history":[{"count":7,"href":"http:\/\/www.ajpc-chaumont.fr\/index.php?rest_route=\/wp\/v2\/pages\/776\/revisions"}],"predecessor-version":[{"id":21673,"href":"http:\/\/www.ajpc-chaumont.fr\/index.php?rest_route=\/wp\/v2\/pages\/776\/revisions\/21673"}],"up":[{"embeddable":true,"href":"http:\/\/www.ajpc-chaumont.fr\/index.php?rest_route=\/wp\/v2\/pages\/33"}],"wp:attachment":[{"href":"http:\/\/www.ajpc-chaumont.fr\/index.php?rest_route=%2Fwp%2Fv2%2Fmedia&parent=776"}],"curies":[{"name":"wp","href":"https:\/\/api.w.org\/{rel}","templated":true}]}}