{"id":912,"date":"2011-10-29T13:03:24","date_gmt":"2011-10-29T11:03:24","guid":{"rendered":"http:\/\/www.ajpc-chaumont.fr\/?page_id=912"},"modified":"2011-10-29T13:07:10","modified_gmt":"2011-10-29T11:07:10","slug":"les-fractures-de-fatigue","status":"publish","type":"page","link":"http:\/\/www.ajpc-chaumont.fr\/?page_id=912","title":{"rendered":"Les fractures de fatigue"},"content":{"rendered":"<p><span style=\"text-decoration: underline;\">Description<\/span> : Douleur \u00e0 l&#8217;effort parfois responsable d&#8217;une boiterie ou emp\u00eachant la marche (localisation pied, tibia, f\u00e9mur bassin et hanche chez le coureur \u00e0 pied)<\/p>\n<p><span style=\"text-decoration: underline;\">Premiers soins<\/span> : Aucun<\/p>\n<p><span style=\"text-decoration: underline;\">Examens<\/span> : Radios Scintigraphie osseuse, IRM ou scanner<\/p>\n<p><span style=\"text-decoration: underline;\">Repos<\/span> : \u00a06 \u00e0 10 semaines selon la localisation<\/p>\n","protected":false},"excerpt":{"rendered":"<p>Description : Douleur \u00e0 l&#8217;effort parfois responsable d&#8217;une boiterie ou emp\u00eachant la marche (localisation pied, tibia, f\u00e9mur bassin et hanche chez le coureur \u00e0 pied) Premiers soins : Aucun Examens : Radios Scintigraphie osseuse, IRM ou scanner Repos : \u00a06 &hellip; <a href=\"http:\/\/www.ajpc-chaumont.fr\/?page_id=912\">Continue reading <span class=\"meta-nav\">&rarr;<\/span><\/a><\/p>\n","protected":false},"author":12,"featured_media":0,"parent":893,"menu_order":0,"comment_status":"closed","ping_status":"closed","template":"","meta":{"_s2mail":"","footnotes":""},"_links":{"self":[{"href":"http:\/\/www.ajpc-chaumont.fr\/index.php?rest_route=\/wp\/v2\/pages\/912"}],"collection":[{"href":"http:\/\/www.ajpc-chaumont.fr\/index.php?rest_route=\/wp\/v2\/pages"}],"about":[{"href":"http:\/\/www.ajpc-chaumont.fr\/index.php?rest_route=\/wp\/v2\/types\/page"}],"author":[{"embeddable":true,"href":"http:\/\/www.ajpc-chaumont.fr\/index.php?rest_route=\/wp\/v2\/users\/12"}],"replies":[{"embeddable":true,"href":"http:\/\/www.ajpc-chaumont.fr\/index.php?rest_route=%2Fwp%2Fv2%2Fcomments&post=912"}],"version-history":[{"count":3,"href":"http:\/\/www.ajpc-chaumont.fr\/index.php?rest_route=\/wp\/v2\/pages\/912\/revisions"}],"predecessor-version":[{"id":914,"href":"http:\/\/www.ajpc-chaumont.fr\/index.php?rest_route=\/wp\/v2\/pages\/912\/revisions\/914"}],"up":[{"embeddable":true,"href":"http:\/\/www.ajpc-chaumont.fr\/index.php?rest_route=\/wp\/v2\/pages\/893"}],"wp:attachment":[{"href":"http:\/\/www.ajpc-chaumont.fr\/index.php?rest_route=%2Fwp%2Fv2%2Fmedia&parent=912"}],"curies":[{"name":"wp","href":"https:\/\/api.w.org\/{rel}","templated":true}]}}