{"id":925,"date":"2011-10-29T13:18:45","date_gmt":"2011-10-29T11:18:45","guid":{"rendered":"http:\/\/www.ajpc-chaumont.fr\/?page_id=925"},"modified":"2011-10-29T13:19:59","modified_gmt":"2011-10-29T11:19:59","slug":"les-tendinites-chroniques","status":"publish","type":"page","link":"http:\/\/www.ajpc-chaumont.fr\/?page_id=925","title":{"rendered":"Les tendinites chroniques"},"content":{"rendered":"<p><span style=\"text-decoration: underline;\">Description<\/span>\u00a0: Inflammation d&#8217;un tendon (ancienne inflammation qui revient) avec des douleurs \u00e0 la palpation et l&#8217;\u00e9tirement. Souvent l&#8217;effort peut \u00eatre r\u00e9alis\u00e9, les douleurs diminuant \u00e0 chaud pour r\u00e9appara\u00eetre au repos.<\/p>\n<p><span style=\"text-decoration: underline;\">Premiers soins<\/span>\u00a0: Gla\u00e7age, \u00e9tirements<\/p>\n<p><span style=\"text-decoration: underline;\">Examens<\/span>\u00a0: Aucun ou \u00e9chographie. IRM rarement (avant chirurgie).<\/p>\n<p><span style=\"text-decoration: underline;\">Repos<\/span>\u00a0: Le repos n&#8217;est pas toujours obligatoire mais souvent recommand\u00e9e<\/p>\n","protected":false},"excerpt":{"rendered":"<p>Description\u00a0: Inflammation d&#8217;un tendon (ancienne inflammation qui revient) avec des douleurs \u00e0 la palpation et l&#8217;\u00e9tirement. Souvent l&#8217;effort peut \u00eatre r\u00e9alis\u00e9, les douleurs diminuant \u00e0 chaud pour r\u00e9appara\u00eetre au repos. Premiers soins\u00a0: Gla\u00e7age, \u00e9tirements Examens\u00a0: Aucun ou \u00e9chographie. IRM rarement &hellip; <a href=\"http:\/\/www.ajpc-chaumont.fr\/?page_id=925\">Continue reading <span class=\"meta-nav\">&rarr;<\/span><\/a><\/p>\n","protected":false},"author":12,"featured_media":0,"parent":923,"menu_order":0,"comment_status":"closed","ping_status":"open","template":"","meta":{"_s2mail":"","footnotes":""},"_links":{"self":[{"href":"http:\/\/www.ajpc-chaumont.fr\/index.php?rest_route=\/wp\/v2\/pages\/925"}],"collection":[{"href":"http:\/\/www.ajpc-chaumont.fr\/index.php?rest_route=\/wp\/v2\/pages"}],"about":[{"href":"http:\/\/www.ajpc-chaumont.fr\/index.php?rest_route=\/wp\/v2\/types\/page"}],"author":[{"embeddable":true,"href":"http:\/\/www.ajpc-chaumont.fr\/index.php?rest_route=\/wp\/v2\/users\/12"}],"replies":[{"embeddable":true,"href":"http:\/\/www.ajpc-chaumont.fr\/index.php?rest_route=%2Fwp%2Fv2%2Fcomments&post=925"}],"version-history":[{"count":3,"href":"http:\/\/www.ajpc-chaumont.fr\/index.php?rest_route=\/wp\/v2\/pages\/925\/revisions"}],"predecessor-version":[{"id":930,"href":"http:\/\/www.ajpc-chaumont.fr\/index.php?rest_route=\/wp\/v2\/pages\/925\/revisions\/930"}],"up":[{"embeddable":true,"href":"http:\/\/www.ajpc-chaumont.fr\/index.php?rest_route=\/wp\/v2\/pages\/923"}],"wp:attachment":[{"href":"http:\/\/www.ajpc-chaumont.fr\/index.php?rest_route=%2Fwp%2Fv2%2Fmedia&parent=925"}],"curies":[{"name":"wp","href":"https:\/\/api.w.org\/{rel}","templated":true}]}}