{"id":20221,"date":"2016-04-16T10:05:53","date_gmt":"2016-04-16T08:05:53","guid":{"rendered":"http:\/\/www.ajpc-chaumont.fr\/?page_id=20221"},"modified":"2016-04-16T10:05:53","modified_gmt":"2016-04-16T08:05:53","slug":"lajpc-au-marathon-de-new-york","status":"publish","type":"page","link":"https:\/\/www.ajpc-chaumont.fr\/?page_id=20221","title":{"rendered":"L&#8217;AJPC au marathon de New-York"},"content":{"rendered":"<p>Reportage sur le p\u00e9riple des 12 marathoniens de l&#8217;AJPC paru dans le &#8220;Mag JHM&#8221; du 21 f\u00e9vrier 2016.<\/p>\n<p>Un grand merci \u00e0 la journaliste Julie Arnoux qui nous a suivis d\u00e8s le d\u00e9but de notre aventure.<a href=\"http:\/\/www.ajpc-chaumont.fr\/wp-content\/uploads\/2016\/04\/AJPC-New-York-1.jpg\"><img loading=\"lazy\" decoding=\"async\" class=\"size-full wp-image-20222 aligncenter\" src=\"https:\/\/www.ajpc-chaumont.fr\/wp-content\/themes\/grey-opaque\/plugins\/lazy-load\/images\/1x1.trans.gif\" data-lazy-src=\"http:\/\/www.ajpc-chaumont.fr\/wp-content\/uploads\/2016\/04\/AJPC-New-York-1.jpg\" alt=\"AJPC New York 1\" width=\"1191\" height=\"1684\" \/><noscript><img loading=\"lazy\" decoding=\"async\" class=\"size-full wp-image-20222 aligncenter\" src=\"http:\/\/www.ajpc-chaumont.fr\/wp-content\/uploads\/2016\/04\/AJPC-New-York-1.jpg\" alt=\"AJPC New York 1\" width=\"1191\" height=\"1684\" srcset=\"https:\/\/www.ajpc-chaumont.fr\/wp-content\/uploads\/2016\/04\/AJPC-New-York-1.jpg 1191w, https:\/\/www.ajpc-chaumont.fr\/wp-content\/uploads\/2016\/04\/AJPC-New-York-1-212x300.jpg 212w, https:\/\/www.ajpc-chaumont.fr\/wp-content\/uploads\/2016\/04\/AJPC-New-York-1-768x1086.jpg 768w, https:\/\/www.ajpc-chaumont.fr\/wp-content\/uploads\/2016\/04\/AJPC-New-York-1-724x1024.jpg 724w\" sizes=\"(max-width: 1191px) 100vw, 1191px\" \/><\/noscript><\/a> <a href=\"http:\/\/www.ajpc-chaumont.fr\/wp-content\/uploads\/2016\/04\/AJPC-New-York-2.jpg\"><img loading=\"lazy\" decoding=\"async\" class=\"size-full wp-image-20223 aligncenter\" src=\"https:\/\/www.ajpc-chaumont.fr\/wp-content\/themes\/grey-opaque\/plugins\/lazy-load\/images\/1x1.trans.gif\" data-lazy-src=\"http:\/\/www.ajpc-chaumont.fr\/wp-content\/uploads\/2016\/04\/AJPC-New-York-2.jpg\" alt=\"AJPC New York 2\" width=\"1191\" height=\"1684\" \/><noscript><img loading=\"lazy\" decoding=\"async\" class=\"size-full wp-image-20223 aligncenter\" src=\"http:\/\/www.ajpc-chaumont.fr\/wp-content\/uploads\/2016\/04\/AJPC-New-York-2.jpg\" alt=\"AJPC New York 2\" width=\"1191\" height=\"1684\" srcset=\"https:\/\/www.ajpc-chaumont.fr\/wp-content\/uploads\/2016\/04\/AJPC-New-York-2.jpg 1191w, https:\/\/www.ajpc-chaumont.fr\/wp-content\/uploads\/2016\/04\/AJPC-New-York-2-212x300.jpg 212w, https:\/\/www.ajpc-chaumont.fr\/wp-content\/uploads\/2016\/04\/AJPC-New-York-2-768x1086.jpg 768w, https:\/\/www.ajpc-chaumont.fr\/wp-content\/uploads\/2016\/04\/AJPC-New-York-2-724x1024.jpg 724w\" sizes=\"(max-width: 1191px) 100vw, 1191px\" \/><\/noscript><\/a> <img loading=\"lazy\" decoding=\"async\" class=\"size-full wp-image-20224 aligncenter\" src=\"https:\/\/www.ajpc-chaumont.fr\/wp-content\/themes\/grey-opaque\/plugins\/lazy-load\/images\/1x1.trans.gif\" data-lazy-src=\"http:\/\/www.ajpc-chaumont.fr\/wp-content\/uploads\/2016\/04\/AJPC-New-York-3.jpg\" alt=\"AJPC New York 3\" width=\"1191\" height=\"1684\" \/><noscript><img loading=\"lazy\" decoding=\"async\" class=\"size-full wp-image-20224 aligncenter\" src=\"http:\/\/www.ajpc-chaumont.fr\/wp-content\/uploads\/2016\/04\/AJPC-New-York-3.jpg\" alt=\"AJPC New York 3\" width=\"1191\" height=\"1684\" srcset=\"https:\/\/www.ajpc-chaumont.fr\/wp-content\/uploads\/2016\/04\/AJPC-New-York-3.jpg 1191w, https:\/\/www.ajpc-chaumont.fr\/wp-content\/uploads\/2016\/04\/AJPC-New-York-3-212x300.jpg 212w, https:\/\/www.ajpc-chaumont.fr\/wp-content\/uploads\/2016\/04\/AJPC-New-York-3-768x1086.jpg 768w, https:\/\/www.ajpc-chaumont.fr\/wp-content\/uploads\/2016\/04\/AJPC-New-York-3-724x1024.jpg 724w\" sizes=\"(max-width: 1191px) 100vw, 1191px\" \/><\/noscript><\/p>\n<p>&nbsp;<\/p>\n","protected":false},"excerpt":{"rendered":"<p>Reportage sur le p\u00e9riple des 12 marathoniens de l&#8217;AJPC paru dans le &#8220;Mag JHM&#8221; du 21 f\u00e9vrier 2016. Un grand merci \u00e0 la journaliste Julie Arnoux qui nous a suivis d\u00e8s le d\u00e9but de notre aventure. &nbsp;<\/p>\n","protected":false},"author":12,"featured_media":0,"parent":782,"menu_order":0,"comment_status":"closed","ping_status":"closed","template":"","meta":{"_s2mail":"yes","footnotes":""},"_links":{"self":[{"href":"https:\/\/www.ajpc-chaumont.fr\/index.php?rest_route=\/wp\/v2\/pages\/20221"}],"collection":[{"href":"https:\/\/www.ajpc-chaumont.fr\/index.php?rest_route=\/wp\/v2\/pages"}],"about":[{"href":"https:\/\/www.ajpc-chaumont.fr\/index.php?rest_route=\/wp\/v2\/types\/page"}],"author":[{"embeddable":true,"href":"https:\/\/www.ajpc-chaumont.fr\/index.php?rest_route=\/wp\/v2\/users\/12"}],"replies":[{"embeddable":true,"href":"https:\/\/www.ajpc-chaumont.fr\/index.php?rest_route=%2Fwp%2Fv2%2Fcomments&post=20221"}],"version-history":[{"count":2,"href":"https:\/\/www.ajpc-chaumont.fr\/index.php?rest_route=\/wp\/v2\/pages\/20221\/revisions"}],"predecessor-version":[{"id":20226,"href":"https:\/\/www.ajpc-chaumont.fr\/index.php?rest_route=\/wp\/v2\/pages\/20221\/revisions\/20226"}],"up":[{"embeddable":true,"href":"https:\/\/www.ajpc-chaumont.fr\/index.php?rest_route=\/wp\/v2\/pages\/782"}],"wp:attachment":[{"href":"https:\/\/www.ajpc-chaumont.fr\/index.php?rest_route=%2Fwp%2Fv2%2Fmedia&parent=20221"}],"curies":[{"name":"wp","href":"https:\/\/api.w.org\/{rel}","templated":true}]}}