{"id":26501,"date":"2019-06-10T21:33:28","date_gmt":"2019-06-10T19:33:28","guid":{"rendered":"http:\/\/www.ajpc-chaumont.fr\/?page_id=26501"},"modified":"2019-08-09T11:11:15","modified_gmt":"2019-08-09T09:11:15","slug":"pancake-ultra-trail","status":"publish","type":"page","link":"https:\/\/www.ajpc-chaumont.fr\/?page_id=26501","title":{"rendered":"Pancake ultra trail"},"content":{"rendered":"\n<div class=\"wp-block-media-text alignwide\" style=\"grid-template-columns:55% auto\"><figure class=\"wp-block-media-text__media\"><img decoding=\"async\" src=\"https:\/\/www.ajpc-chaumont.fr\/wp-content\/themes\/grey-opaque\/plugins\/lazy-load\/images\/1x1.trans.gif\" data-lazy-src=\"http:\/\/www.ajpc-chaumont.fr\/wp-content\/uploads\/2019\/06\/pancake-1-1024x768.jpg\" alt=\"\" class=\"wp-image-26503\"\/><noscript><img loading=\"lazy\" decoding=\"async\" width=\"1024\" height=\"768\" src=\"http:\/\/www.ajpc-chaumont.fr\/wp-content\/uploads\/2019\/06\/pancake-1-1024x768.jpg\" alt=\"\" class=\"wp-image-26503\" srcset=\"https:\/\/www.ajpc-chaumont.fr\/wp-content\/uploads\/2019\/06\/pancake-1-1024x768.jpg 1024w, https:\/\/www.ajpc-chaumont.fr\/wp-content\/uploads\/2019\/06\/pancake-1-300x225.jpg 300w, https:\/\/www.ajpc-chaumont.fr\/wp-content\/uploads\/2019\/06\/pancake-1-768x576.jpg 768w\" sizes=\"(max-width: 1024px) 100vw, 1024px\" \/><\/noscript><\/figure><div class=\"wp-block-media-text__content\">\n<p>La recette des pancakes hyper-prot\u00e9in\u00e9s :<\/p>\n\n\n\n<p>150 g de flocons d&#8217;avoine pass\u00e9s au mixer<br>120 g de farine compl\u00e8te<br>300 ml de lait de coco<br>1 sachet de levure chimique<br>1 sachet de sucre vanill\u00e9<br>2 cuill\u00e8res de ma\u00efzena <\/p>\n\n\n\n<p>M\u00e9langez le tout et faites cuire sur une cr\u00eapi\u00e8re<br><\/p>\n<\/div><\/div>\n","protected":false},"excerpt":{"rendered":"<p>La recette des pancakes hyper-prot\u00e9in\u00e9s : 150 g de flocons d&#8217;avoine pass\u00e9s au mixer120 g de farine compl\u00e8te300 ml de lait de coco1 sachet de levure chimique1 sachet de sucre vanill\u00e92 cuill\u00e8res de ma\u00efzena M\u00e9langez le tout et faites cuire &hellip; <a href=\"https:\/\/www.ajpc-chaumont.fr\/?page_id=26501\">Continue reading <span class=\"meta-nav\">&rarr;<\/span><\/a><\/p>\n","protected":false},"author":12,"featured_media":0,"parent":818,"menu_order":0,"comment_status":"closed","ping_status":"closed","template":"","meta":{"_s2mail":"","footnotes":""},"_links":{"self":[{"href":"https:\/\/www.ajpc-chaumont.fr\/index.php?rest_route=\/wp\/v2\/pages\/26501"}],"collection":[{"href":"https:\/\/www.ajpc-chaumont.fr\/index.php?rest_route=\/wp\/v2\/pages"}],"about":[{"href":"https:\/\/www.ajpc-chaumont.fr\/index.php?rest_route=\/wp\/v2\/types\/page"}],"author":[{"embeddable":true,"href":"https:\/\/www.ajpc-chaumont.fr\/index.php?rest_route=\/wp\/v2\/users\/12"}],"replies":[{"embeddable":true,"href":"https:\/\/www.ajpc-chaumont.fr\/index.php?rest_route=%2Fwp%2Fv2%2Fcomments&post=26501"}],"version-history":[{"count":4,"href":"https:\/\/www.ajpc-chaumont.fr\/index.php?rest_route=\/wp\/v2\/pages\/26501\/revisions"}],"predecessor-version":[{"id":26643,"href":"https:\/\/www.ajpc-chaumont.fr\/index.php?rest_route=\/wp\/v2\/pages\/26501\/revisions\/26643"}],"up":[{"embeddable":true,"href":"https:\/\/www.ajpc-chaumont.fr\/index.php?rest_route=\/wp\/v2\/pages\/818"}],"wp:attachment":[{"href":"https:\/\/www.ajpc-chaumont.fr\/index.php?rest_route=%2Fwp%2Fv2%2Fmedia&parent=26501"}],"curies":[{"name":"wp","href":"https:\/\/api.w.org\/{rel}","templated":true}]}}