{"id":28252,"date":"2023-01-29T10:16:36","date_gmt":"2023-01-29T09:16:36","guid":{"rendered":"http:\/\/www.ajpc-chaumont.fr\/?page_id=28252"},"modified":"2023-01-29T10:21:52","modified_gmt":"2023-01-29T09:21:52","slug":"week-end-raquettes-dans-le-jura","status":"publish","type":"page","link":"https:\/\/www.ajpc-chaumont.fr\/?page_id=28252","title":{"rendered":"Week-end raquettes Jura"},"content":{"rendered":"\n<p>La section marche nordique a organis\u00e9 un week-end raquettes dans les environs de Mouthe du 20 au 22 janvier 2023.<\/p>\n\n\n\n<p>La m\u00e9t\u00e9o a r\u00e9compens\u00e9 les marcheuses et marcheurs car la neige \u00e9tait tomb\u00e9e abondement et le soleil \u00e9tait au rendez-vous, ce qui a fait oublier le froid vif bien connu dans ce coin du massif du Jura. <\/p>\n\n\n\n<p>Merci \u00e0 Denis qui a \u00e9t\u00e9 l&#8217;instigateur de ce beau moment sportif et convivial.<\/p>\n\n\n\n<style type=\"text\/css\">\r\n\t#slgf_28249 .gallery1 {\r\n\t\tdisplay: block !important;\r\n\t\twidth: 100% !important;\r\n\t\tmargin: 0 -5px !important; \/* Offset padding *\/\r\n\t}\r\n\t\r\n\t\/* Clearfix for container *\/\r\n\t#slgf_28249 .gallery1:after {\r\n\t\tcontent: '';\r\n\t\tdisplay: block;\r\n\t\tclear: both;\r\n\t}\r\n\r\n\t#slgf_28249 .wl-gallery {\r\n\t\tfloat: left !important;\r\n\t\tbox-sizing: border-box !important;\r\n\t\tpadding: 0 5px 10px 5px !important; \/* Horizontal padding + bottom margin *\/\r\n\t\tmargin: 0 !important;\r\n\t}\r\n\r\n\t\/* Two Column Layout *\/\r\n\t#slgf_28249 .col-md-6 {\r\n\t\twidth: 50% !important;\r\n\t}\r\n\r\n\t\/* Three Column Layout *\/\r\n\t#slgf_28249 .col-md-4 {\r\n\t\twidth: 33.33% !important;\r\n\t}\r\n\r\n\t#slgf_28249 .col-md-3 {\r\n\t\twidth: 25% !important;\r\n\t}\r\n\r\n\t#slgf_28249 .col-md-2 {\r\n\t\twidth: 16.66% !important;\r\n\t}\r\n\r\n\t#slgf_28249 .b-link-stroke .b-top-line {\r\n\t\tbackground: rgba(10, 194, 210, 0.5);\r\n\t}\r\n\r\n\t#slgf_28249 .b-link-stroke .b-bottom-line {\r\n\t\tbackground: rgba(10, 194, 210, 0.5);\r\n\t}\r\n\r\n\t#slgf_28249 .b-wrapper {\r\n\t\tfont-family: font-name;\r\n\t}\r\n\r\n\t#slgf_28249 .slgf_home_portfolio_caption {\r\n\t\tbackground: #FFFFFF;\r\n\t}\r\n\r\n\t#slgf_28249 .slgf_home_portfolio_caption h3 {\r\n\t\tcolor: #000000;\r\n\t}\r\n\r\n\t#slgf_28249 .slg_title_class {\r\n\t\tfont-weight: bolder;\r\n\t\tpadding-bottom: 20px;\r\n\t\tborder-bottom: 2px solid #cccccc;\r\n\t\tmargin-bottom: 20px;\r\n\t\tfont-family: font-name;\r\n\t\tcolor: #2271b1;\r\n\t}\r\n\t.fnf {\r\n\tbackground-color: #a92929;\r\n\tborder-radius: 5px;\r\n\tcolor: #fff;\r\n\tfont-family: initial;\r\n\ttext-align: center;\r\n\tpadding: 12px;\r\n\t}\r\n\t#slgf_28249 .img-box-shadow { box-shadow: 0 0 6px rgba(0, 0, 0, .7); }<\/style>\t\r\n\t<div class=\"gal-container\" id=\"slgf_28249\">\r\n\t\t\t\t\t<!--get the post id-->\r\n\t\t\t\r\n\t\t\t<!--Gallery Title-->\r\n\t\t\t\t\t\t\t<div class=\"slg_title_class\">\r\n\t\t\t\t\tRaquettes Jura 20-21-22 Janvier 2023\t\t\t\t<\/div>\r\n\t\t\t\t\t\t<div class=\"row\">\r\n\r\n\t\t\t\t<div class=\"gallery1 lightgallery_28249\">\r\n\t\t\t\t\t\t\t\t\t<\/div>\r\n\t\t\t<\/div>\r\n\t\t\t<\/div>\r\n\r\n\t<!-- Swipe Box-->\r\n\t\n","protected":false},"excerpt":{"rendered":"<p>La section marche nordique a organis\u00e9 un week-end raquettes dans les environs de Mouthe du 20 au 22 janvier 2023. La m\u00e9t\u00e9o a r\u00e9compens\u00e9 les marcheuses et marcheurs car la neige \u00e9tait tomb\u00e9e abondement et le soleil \u00e9tait au rendez-vous, &hellip; <a href=\"https:\/\/www.ajpc-chaumont.fr\/?slgf_slider=raquettes-jura-20-21-22-janvier-2023\">Continue reading <span class=\"meta-nav\">&rarr;<\/span><\/a><\/p>\n","protected":false},"author":12,"featured_media":0,"parent":28295,"menu_order":0,"comment_status":"closed","ping_status":"closed","template":"","meta":{"_s2mail":"","footnotes":""},"_links":{"self":[{"href":"https:\/\/www.ajpc-chaumont.fr\/index.php?rest_route=\/wp\/v2\/pages\/28252"}],"collection":[{"href":"https:\/\/www.ajpc-chaumont.fr\/index.php?rest_route=\/wp\/v2\/pages"}],"about":[{"href":"https:\/\/www.ajpc-chaumont.fr\/index.php?rest_route=\/wp\/v2\/types\/page"}],"author":[{"embeddable":true,"href":"https:\/\/www.ajpc-chaumont.fr\/index.php?rest_route=\/wp\/v2\/users\/12"}],"replies":[{"embeddable":true,"href":"https:\/\/www.ajpc-chaumont.fr\/index.php?rest_route=%2Fwp%2Fv2%2Fcomments&post=28252"}],"version-history":[{"count":5,"href":"https:\/\/www.ajpc-chaumont.fr\/index.php?rest_route=\/wp\/v2\/pages\/28252\/revisions"}],"predecessor-version":[{"id":28297,"href":"https:\/\/www.ajpc-chaumont.fr\/index.php?rest_route=\/wp\/v2\/pages\/28252\/revisions\/28297"}],"up":[{"embeddable":true,"href":"https:\/\/www.ajpc-chaumont.fr\/index.php?rest_route=\/wp\/v2\/pages\/28295"}],"wp:attachment":[{"href":"https:\/\/www.ajpc-chaumont.fr\/index.php?rest_route=%2Fwp%2Fv2%2Fmedia&parent=28252"}],"curies":[{"name":"wp","href":"https:\/\/api.w.org\/{rel}","templated":true}]}}

<p>La section marche nordique a organisé un week-end raquettes dans les environs de Mouthe du 20 au 22 janvier 2023.</p>



<p>La météo a récompensé les marcheuses et marcheurs car la neige était tombée abondement et le soleil était au rendez-vous, ce qui a fait oublier le froid vif bien connu dans ce coin du massif du Jura. </p>



<p>Merci à Denis qui a été l&#8217;instigateur de ce beau moment sportif et convivial.</p>



<style type="text/css">
	#slgf_28249 .gallery1 {
		display: block !important;
		width: 100% !important;
		margin: 0 -5px !important; /* Offset padding */
	}
	
	/* Clearfix for container */
	#slgf_28249 .gallery1:after {
		content: '';
		display: block;
		clear: both;
	}

	#slgf_28249 .wl-gallery {
		float: left !important;
		box-sizing: border-box !important;
		padding: 0 5px 10px 5px !important; /* Horizontal padding + bottom margin */
		margin: 0 !important;
	}

	/* Two Column Layout */
	#slgf_28249 .col-md-6 {
		width: 50% !important;
	}

	/* Three Column Layout */
	#slgf_28249 .col-md-4 {
		width: 33.33% !important;
	}

	#slgf_28249 .col-md-3 {
		width: 25% !important;
	}

	#slgf_28249 .col-md-2 {
		width: 16.66% !important;
	}

	#slgf_28249 .b-link-stroke .b-top-line {
		background: rgba(10, 194, 210, 0.5);
	}

	#slgf_28249 .b-link-stroke .b-bottom-line {
		background: rgba(10, 194, 210, 0.5);
	}

	#slgf_28249 .b-wrapper {
		font-family: font-name;
	}

	#slgf_28249 .slgf_home_portfolio_caption {
		background: #FFFFFF;
	}

	#slgf_28249 .slgf_home_portfolio_caption h3 {
		color: #000000;
	}

	#slgf_28249 .slg_title_class {
		font-weight: bolder;
		padding-bottom: 20px;
		border-bottom: 2px solid #cccccc;
		margin-bottom: 20px;
		font-family: font-name;
		color: #2271b1;
	}
	.fnf {
	background-color: #a92929;
	border-radius: 5px;
	color: #fff;
	font-family: initial;
	text-align: center;
	padding: 12px;
	}
	#slgf_28249 .img-box-shadow { box-shadow: 0 0 6px rgba(0, 0, 0, .7); }</style>	
	<div class="gal-container" id="slgf_28249">
					<!--get the post id-->
			
			<!--Gallery Title-->
							<div class="slg_title_class">
					Raquettes Jura 20-21-22 Janvier 2023				</div>
						<div class="row">

				<div class="gallery1 lightgallery_28249">
									</div>
			</div>
			</div>

	<!-- Swipe Box-->

<p>La section marche nordique a organisé un week-end raquettes dans les environs de Mouthe du 20 au 22 janvier 2023. La météo a récompensé les marcheuses et marcheurs car la neige était tombée abondement et le soleil était au rendez-vous, &hellip; <a href="https://www.ajpc-chaumont.fr/?slgf_slider=raquettes-jura-20-21-22-janvier-2023">Continue reading <span class="meta-nav">&rarr;</span></a></p>
